.
-42
3850 - 3905 - (7 + 0)
-62
What is (-1 - (0 + 32 + 2) - 2) + (-5248 - -5239)?
-46
-10 - (-1 + 55 + -2 + -4 + 8 + -10)
-56
Calculate 3 + 4 - (85 + -81) - 18.
-15
What is the value of (-17 - 24) + (22 - 60)?
-79
What is the value of -1 - 14 - (17 + -22 + 21 + -24)?
-7
Evaluate (-12 + (-6 - -35) - 26) + -1.
-10
What is (-15 - -6) + (176 - 176)?
-9
1 + -11 - (56 + -7 + -49 + 32)
-42
Calculate 13 + -31 - ((-10 - -76) + -26).
-58
What is 3 - 0 - (-32 + -13 + (-45 - -105))?
-12
What is the value of 3652 - 3566 - (-3 - -41)?
48
What is (-54 - -53 - (-1 - -14)) + 4 - 3?
-13
Calculate 4 - (-7 + 10 + -44).
45
Evaluate -30 - 5 - -46 - ((3 - -18) + 3).
-13
(3 - 9 - 39) + 13 - -5 - (-8 - 2)
-17
105 - (-16 + -36 + 36 + 32)
89
Calculate 56 - 0 - (1043 - 1026).
39
Evaluate -8 + (-41 - -148) + -67.
32
Calculate -2 + 19 - (-20 - (-10 - 24)).
3
What is the value of 70 - (-68 - -120) - 76?
-58
What is the value of 725 + -717 + (1 - 4) - 5 - -11?
11
What is -410 + 464 + (-39 - 0)?
15
Calculate -3 + 31 + -25 + (0 + -1 - 37).
-35
Calculate 73 + (-45 - (11 + -10)).
27
What is the value of -62 + -55 + 61 - -87?
31
What is 8 - (-34 + 17 + -13 + -19)?
57
Calculate -380 + 385 + -6 + 79.
78
-4 + 5 - (-36 + 65 + -20) - (2 + -3)
-7
What is 50 - (-7 - (-4 + (-4 + -2 - 3)))?
44
What is -64 + 29 + (2 - 2) - (7 - 20)?
-22
Evaluate (-1 - -63) + 22 + 71 + -114 - 4.
37
Calculate -59 - (78 - (75 - 23)).
-85
(3 - -58) + (-6 - (-45 + 44 + (-3 - -1)))
58
Calculate -11 + (2 - (-1 + (-11 - (10 + -13)))) + -3.
-3
15 + 0 - ((-65 - -58) + 115 + 4)
-97
98 + -233 + 131 + (0 - -9)
5
What is the value of (-5 - 4) + (25 + -3 - -39)?
52
What is the value of -28 + (38 - 1) + (0 - -10) + -23?
-4
What is 4 - 4 - 9 - (-392 + 389)?
-6
What is the value of -207 - -149 - (-6 + -7 + 21)?
-66
What is the value of -55 + 74 + -47 + -7 - (6 - -5)?
-46
Evaluate 23 + 79 + -46 + 44 - -35.
135
What is the value of -64 - (2 - (8 - -2)) - (9 + -21)?
-44
What is the value of -264 + 192 + (7 - (41 + -5))?
-101
What is the value of (69 - 1) + (0 + 24 - 10 - 13)?
69
104 + -65 + 38 + -127
-50
What is the value of (117 + -116 - -73) + 3?
77
Calculate -17 - (-9 + (-27 - (17 + -79))).
-43
What is the value of -1 - (-2 + (5 - 1) + -13 + -11 + 31)?
-10
-3 - 0 - ((-28 + 20 - -80) + -26)
-49
10 - (-9 + 34 - 16 - (1 + (-1 - 1)))
0
Evaluate (1 - 12 - (-23 - -12)) + (-4 - -7 - -19).
22
-64 - -10 - -116 - 115
-53
Evaluate -99 + -3 - (4222 - 4379).
55
What is the value of -11 + -13 + 11 + (-7 - -2) - 6?
-24
What is -89 + (83 - (-62 + 17))?
39
Calculate 10 + (-10 + (17 - -9) + -10 - -50).
66
Calculate 39 + (-12 - 5) - 10.
12
-58 - (19 + -11 + -1 + -5 - (6 - 1))
-55
(-39 - 2) + -92 + (125 - 11)
-19
What is the value of -89 + 262 - 23 - 28?
122
What is 8 + (5 - (-6 - 120)) - (-293 + 311)?
121
What is 255 - 186 - (-5 + (2 - (-2 - -3)) + 2)?
71
34 + (-2 - -5 - -2) + (-1 - (-7 + -3))
48
What is the value of 11 + -7 + 0 + 9 + (-6 - -1) - -31?
39
What is the value of -21 + -32 + (172 - 14) - -22?
127
What is the value of (-70 - (-18 - -31 - 15 - 15)) + -6?
-59
59 + -24 + 29 + 2 + -14 + 4
56
Calculate 78 + (0 - (1 + -17)) + -3 + 46 + -54.
83
What is -6 + -1 - ((-4 - 55) + (-505 - -463))?
94
What is the value of (-71 - (-86 - 48)) + -135?
-72
What is (20 - (1 + 4)) + 26 + -50?
-9
What is (-82 - (76 + -227)) + 21?
90
Evaluate (2 - 14) + -5 + 4 - (-8668 - -8767).
-112
Calculate 4 - 1 - (-52 - -51 - (5 + 0)).
9
What is -12 - ((33 - 65) + 18) - -44?
46
-50 - -35 - (-54 - -21)
18
Evaluate 7 + (37 - 33 - 56 - -32).
-13
What is the value of 74 + 42 - -11 - 84?
43
Evaluate (92 - 25 - 57) + (-74 - (-1 + -3)).
-60
Calculate (1 - 17) + 29 - 6.
7
What is -20617 - -20595 - (-2 - (3 + 157 + 3))?
143
What is 3 - 119 - (144 - 316)?
56
Calculate 177 - 141 - (10 + 20).
6
What is (100 - 64) + 25 + -81?
-20
What is the value of -1 + 7 + -15 + 29 + 2 + -19 - -40?
43
Calculate (-27 - -2) + 4 + (-25 - (-43 + 10)) - -36.
23
What is the value of -126 + (33 - (28 - 91))?
-30
What is the value of -202 + 155 + -3 + 6?
-44
Evaluate (55 + 0 - (89 + -87 + -9)) + 19.
81
What is the value of 27 + (29 - (17 - -25)) - (-20 + -2)?
36
What is 0 - ((8 - (-10 - -17)) + -22 - -121)?
-100
Evaluate -2428 + 2426 + (21 - (4 - (-1 + 2))).
16
-29 + -13 + 4 + 20 + 23 + -50
-45
What is (2 - (-34 + 13)) + -32 - (2 + -1 + 32)?
-42
-68 - (-125 + 77 + -68)
48
Calculate 166 + -120 - (1 + 5).
40
Evaluate 28 + (-24 + 52 - 72) + 11.
-5
Calculate -14 + 3 - (65 - 59 - (39 + -1)).
21
Evaluate (-87 - -26 - (3 - 32)) + -48.
-80
What is the value of 64 + -46 + -21 - ((-1 - -2) + -32)?
28
What is 156 + -46 + -41 - 31?
38
What is (664 - 728) + (-8 - -124)?
52
-26 + (15 + -3 - (-27 - 4))
17
Evaluate 21 - (60 + -41) - (0 + 0 + -2) - 21.
-17
0 + -17 + -13 + 39 + -19 + -15
-25
Evaluate 0 + 12 + (6 + (-26 - -30) - (-2 - -47)).
-23
Evaluate 28 + (258 - 276) + (75 - 1).
84
What is the value of 5 - 5 - -7 - (6 + (-7 - 8) - 5)?
21
What is 37 + (-160 - (-13 - (30 - 43)))?
-123
Calculate 26 - (4 - -2) - ((37 - 34) + 23).
-6
What is the value of (-70 - (-48 - 11)) + 51?
40
Evaluate 52 - (185 + 17 + -40).
-110
Calculate -1 + (15 - (24 - -14)) + -1 + -5 + 1.
-29
What is the value of (40 - (0 + 8 + -2)) + 15?
49
Evaluate (-6 - -2 - (-8 - -4)) + -12 + (-170 - -189).
7
What is the value of -4 + (-9 - -3 - -3) - (-59 + -2 + 58)?
-4
66 + ((-12 - -7) + 0 - 6) + 6
61
Calculate -6 + (6 + -8 + 3 - -14) - 2.
7
Calculate (16 - 31 - -12) + (5 + 5 - -1) - -4.
12
Evaluate -11 + 32 + -4 + -266 + 188.
-61
Calculate -10 + 15 - (-44 - -14) - (-13 + -3).
51
Calculate -19 + -98 + 1058 + -869.
72
Evaluate 9 - -9 - 7 - (-18 - -15 - -52).
-38
Calculate (125 - 62) + 16 - 49.
30
(-14 - -6 - -8) + 26 + -25 + -36
-35
What is the value of -13 + 39 + -1 + 2 + -143 + -50 + 181?
15
Evaluate 104 - (-19 + 107 + -64).
80
What is the value of (-22 - -66) + -42 - -51?
53
Calculate -182 - -144 - ((-40 - -9) + 4).
-11
What is -5 - (-10 + -2 + 1 + 0 + -287 + 208)?
85
Calculate -27 - (1284 + -1255 + (-94 - -1)).
37
Calculate -372 + 455 - (182 + -20).
-79
Calculate -7 + (65 + -14 - 22 - -1).
23
100 + -69 + 33 + (10 - 136)
-62
Calculate (46 - 8) + -27 + (7 - -2).
20
Evaluate -29 + 27 + 2 + (499 - 505).
-6
Evaluate -16 + (20 - (-6 - 11)) + -7.
14
What is -20 + 10 - (-4 + 29 - 6) - -15?
-14
Calculate 3 - ((-20 - -34) + -35 - -7).
17
What is the value of 6510 + -6498 + (3 - 72 - -1)?
-56
Evaluate (74 + -57 - (1 - -5)) + 6 + 28.
45
What is 15 + 7 + (-4 - -6) + -26 - -20?
18
Calculate (-26 + -8 + 22 - -32) + 23.
43
149 - (-49 - -54 - -75)
69
What is the value of (0 - 46) + (344 - (-32 + 351))?
-21
-24 - (32 - (60 + 0))
4
2 - (30 + -60 - 12)
44
Evaluate -131 + (16 - 11) - -17.
-109
Calculate 53 + (-2 - 1) + 10 + -19 + -10.
31
40 + (-27 - -62 - 68)
7
9 - (25 + -57 - 3) - (2 - 2)
44
35 + (64 - 71) - -43
71
What is 35 + (32 - (-36 - (-31 - 106)))?
-34
Evaluate (0 - 0) + (57 - -16) + 15 + -7.
81
Calculate -484 - -443 - (47 - 0).
-88
Calculate -10 + -10 + (16 + 19 - 7).
8
-1289 + 1324 + (-3 - -5)
37
What is the value of (-4 - (2 + 4 + -13)) + 209 + -215 - -54?
51
What is the value of (2 + (33 - 0) - 2) + (56 - 38)?
51
Calculate 0 - -8 - (17 + (1 + 77 - 8)).
-79
0 + -3 + -90 - (1 + -15 - (-581 - -575))
-85
4 + (-74 - -89 - (-4 + 17)) + (-49 - -2)
-41
What is the value of 109 + -16 - -47 - 189?
-49
What is -83 - (58 + 30 + -57) - (25 - 1)?
-138
Calculate 17 + (17 - (37 - -17) - -13) - (14 - -5).
-26
What is (2255 - 2327) + -20 + -3?
-95
What is the value of 3 - (-2 + -20 - -54) - (1 - -9)?
-39
Calculate -23 + (0 - -18 - (-273 + 232)).
36
What is 14 + -15 + (13 + 1 + -3 - (3 - 2))?
9
What is (-8 - (-16 + (6 - (-10 + 2 + 10)))) + -10?
-6
-15 + 1 + -23 + 26 + -19 + 23
-7
13 + -3 + 9 + (-51 - -51) - -6
25
Evaluate (12 - 9 - -62) + (0 - 3 - 4).
58
What is the value of -120 + 1 + -111 + (214 - 109)?
-125
-34 + 6 + -11 + 15
-24
What is -81 - (44 + (-90 - 14))?
-21
246 - 382 - -200 - (1 - 17)
80
What is the value of 4 + (5 - (18 - 9) - (-3 + 2)) - -36?
37
(-25 - -25) + (-2 - (6 + (5 - 23) - 73))
83
Calculate -12 + (-1 - 46 - (54 + -49) - 1).
-65
Evaluate 15 + -22 + 18 + -2 + -19 + 7.
-3
What is -1 + 3 - -7 - (1948 + -1954)?
15
Calculate 27 + 7 + 3 - (-10 + (2 - -4)).
41
Calculate -192 - -150 - (-35 - (3 + 1)).
-3
What is the value of 5 - (-4 + 14 - 0 - -1) - (-494 - -5